 4*k + n = -3*y. Calculate the highest common divisor of 20 and y.
20
Let p = 39 - 33. Calculate the highest common divisor of p and 48.
6
Suppose 21*d - 26*d + 70 = 0. Let s(i) = -i + 7. Let t be s(3). Let q be (2 - 10/t)*-14. What is the greatest common factor of q and d?
7
Let k be (-1 - (-19 + 0))/2. Calculate the highest common factor of 9 and k.
9
Suppose 4*y + 0*y = 3*z - 42, 15 = 5*y. Suppose -4*n + 4 = 16. Let i be n/5 - 39/(-15). Calculate the highest common factor of z and i.
2
Let f(b) = b**2 + b + 2. Let u be f(2). Suppose -3*p = 4*v - 36, 2*v + p - 12 = u. What is the highest common divisor of v and 30?
6
Suppose 4*n = -5*f - 79, -5*n - 7*f - 92 = -3*f. Let y = n - -31. What is the greatest common divisor of 105 and y?
15
Suppose 8*o - 30 = 5*p + 3*o, 2*o = 2. Let u be (p - -20)/(6/4). Calculate the highest common divisor of 10 and u.
10
Let m(b) = 3*b - 4. Let w(v) = 3*v**2 + 2*v - 2. Let d be w(-2). Let r be m(d). Let f = -39 - -109. What is the highest common factor of r and f?
14
Let n(i) = 0*i**2 + 4*i - i**2 + 2*i**2. Let c be (4/(-10))/(-6 - 455/(-75)). Let v be n(c). Calculate the highest common divisor of v and 12.
12
Let x(k) = -k**3 + 11*k**2 - 10*k + 3. Let j be x(9). What is the highest common factor of j and 30?
15
Suppose 3*t - 5*r = -r + 54, -2*t + 5*r = -43. Suppose 3*j + 2*j + 143 = 3*x, -4*x + j = -219. Calculate the highest common divisor of x and t.
14
Suppose 3*x + 2 = 4*x. Let c be ((-3)/x)/((-3)/16). Suppose 0 = -5*b + 5*q + 70, -4*b + 16 = 4*q - c. What is the highest common divisor of b and 25?
5
Suppose 0 = -3*v + 25 + 2. Calculate the greatest common factor of 1 and v.
1
Let b(f) = -111*f**3 + f**2. Suppose 4*s + 1 + 3 = 0. Let h be b(s). What is the greatest common factor of 14 and h?
14
Let c be (1 + 0)/(4/(-8)). Let l be 6/4 + (-3)/c. What is the greatest common factor of 24 and l?
3
Suppose 0*l - 468 = -4*l. Let y(v) be the second derivative of -13*v**3/6 - v. Let q be y(-1). Calculate the greatest common divisor of q and l.
13
Suppose -4*a = -4*c - 25 - 15, 38 = 3*a + c. Let z be (-110)/(-1) + 2 + -4. Calculate the highest common divisor of a and z.
12
Suppose v + 2*v - 21 = 0. Let i = 48 - 27. Calculate the highest common factor of v and i.
7
Let g be 1706/10 - (-4)/10. Let f(j) = 4*j**3 + j**2 - j + 1. Let b be f(2). Suppose -60 = -5*i + b. What is the highest common factor of g and i?
19
Let n = 43 - 19. Calculate the greatest common factor of n and 36.
12
Suppose 8*g + 154 = 10*g. Calculate the greatest common divisor of 11 and g.
11
Suppose 8*r + 10 = 9*r. Calculate the greatest common divisor of r and 20.
10
Let a(y) = -y - 5. Let s be a(-12). What is the highest common divisor of 63 and s?
7
Suppose 0 = 5*v - 2*d - 546, v - 4*d + 9*d - 120 = 0. What is the highest common factor of 22 and v?
22
Let u(l) = l**2 + 12*l + 42. Let c be u(-8). Calculate the greatest common factor of 50 and c.
10
Suppose 0 = d + 2*d - 9. Suppose -3*h + 10 - 4 = 0. Suppose -5*b = -s + 1, 0*s + 23 = h*s - d*b. What is the highest common factor of s and 8?
8
Suppose 72 = -5*v + 27. Let n be 4/(-12) - 30/v. Suppose 66 = 2*d - 4*s, n*d - s - s = 79. What is the greatest common divisor of 23 and d?
23
Let y = -24 + 87. Let n(t) = -6*t + 1. Let u(i) = 19*i - 3. Let d(v) = -7*n(v) - 2*u(v). Let m be d(2). What is the highest common divisor of m and y?
7
Let c = 9 - -6. Suppose -2*k + 24 = -2*q, c = -k + 2*k + 2*q. Calculate the greatest common factor of 104 and k.
13
Let z be 36/(-8)*(0 + (2 - 4)). Calculate the highest common divisor of z and 162.
9
Let d be 121 + ((-1)/(-1) - 1). What is the greatest common divisor of 11 and d?
11
Let m = 158 + -70. What is the highest common divisor of m and 8?
8
Suppose -5*d = -109 - 611. Let t be (-2)/(9/(-8) + 1). What is the highest common divisor of t and d?
16
Let h be (0/2*-1)/(-2). Suppose h = 4*u + y - 88, 0*u = -3*u + 3*y + 51. Calculate the highest common divisor of 3 and u.
3
Suppose -51 + 171 = 2*x - 4*p, -5*x + 4*p = -330. Calculate the highest common factor of 28 and x.
14
Suppose -5*d + 6 = 1. What is the greatest common factor of 8 and d?
1
Let f = 7 + -1. Suppose 3*z = g - 0*z - 21, 24 = g - 2*z. What is the greatest common factor of f and g?
6
Let w = -62 + 65. Calculate the highest common divisor of w and 27.
3
Let p = -1 + 1. Let k be (1 - p - -7)/1. Suppose -4*n + 199 = -89. What is the greatest common divisor of n and k?
8
Let p(z) = 10*z - 3. Let x be p(2). Let l = -4 + 4. Suppose 19 = u + 2*j - 17, -5*u - 4*j + 174 = l. Calculate the highest common factor of x and u.
17
Let g(k) = -k**3 + 3*k**2 - k - 2. Let w be g(2). Suppose -r = -w*r - 80. Calculate the highest common factor of r and 10.
10
Let p be (-257 - 3)/(-4)*(-2)/(-5). Calculate the greatest common divisor of p and 143.
13
Let q be ((1 - 9) + -1)*-23. Let u(x) = -2*x**2 + 2*x + 23. Let i be u(0). What is the greatest common divisor of i and q?
23
Let y(u) = -u**3 + 11*u**2 - 9*u - 11. Let w be y(9). Calculate the greatest common divisor of 28 and w.
14
Let c = 23 - 15. Let a(j) = -j**3 + 9*j**2 - 3*j + 10. Let q be a(c). What is the greatest common divisor of 10 and q?
10
Let c(m) = 2*m**2 - 3*m + 1. Let j be c(2). Suppose -5*s = 2*p + p - 15, 4*p + 9 = j*s. Calculate the greatest common divisor of s and 21.
3
Suppose -10*s + 7*s = -240. Calculate the highest common divisor of s and 10.
10
Suppose 0 = -5*q + a + 71, a = -4*q - 0*a + 55. Let f be (32/6)/(4/42). What is the greatest common factor of q and f?
14
Let g = -85 - -54. Let t = -17 - g. What is the highest common divisor of t and 21?
7
Suppose 0 = 10*v - 15*v + 80. Calculate the highest common factor of v and 128.
16
Let d be (81/6)/(2/(-16)). Let y be (33/(-12))/(3/d). What is the highest common factor of 11 and y?
11
Let q(w) = w**3 + 2*w**2 + 3*w - 4. Let o be q(3). Let x be 50/(9/(-15) + 1). Calculate the greatest common factor of x and o.
25
Suppose 5*p + 2*y - 28 = 0, -5*p + 3*y = -0*y - 33. Calculate the greatest common divisor of 18 and p.
6
Let j be (-1)/(-4) + (-310)/(-40). Calculate the highest common divisor of j and 8.
8
Suppose 0 = -3*f + 15, -5*a = -a - 3*f - 201. Let l(t) = -t + 5. Let i be l(-4). Calculate the greatest common divisor of i and a.
9
Suppose 0 = -5*y - 3*z + 721, 3*z - 275 = -2*y + 17. Calculate the highest common divisor of 13 and y.
13
Let o(a) = -a**3 + 12*a**2 - 4*a - 4. Let d be o(9). Calculate the highest common factor of d and 29.
29
Suppose -4*m - 3*s - 22 = 0, -m = -0*s - 4*s - 4. Let w be (m/8)/(1/(-40)). What is the highest common divisor of w and 30?
10
Suppose 20 = 3*o - 3*k + 365, 3*o + 3*k = -339. Let t be -2 + o/(-3) - 2. Calculate the greatest common divisor of 51 and t.
17
Let u(x) = x + 8. Let i be u(0). Let d = i - -10. Suppose q - 90 = -4*q. What is the highest common factor of d and q?
18
Suppose 288 = -6*s + 9*s. Let l be (6/4 + -3)*-8. Calculate the greatest common factor of s and l.
12
Let s = -9 + 17. Suppose -5*g + 96 = -g. What is the highest common factor of g and s?
8
Let f be 8 + (-3 + 2 - -3). What is the greatest common divisor of f and 30?
10
Suppose 0*i = 2*i - 114. Let v be i/9 + 4/6. Let t(g) = 22*g**2 - 1. Let y be t(-1). What is the greatest common divisor of y and v?
7
Suppose 5*y - y - 480 = 0. Calculate the greatest common factor of 12 and y.
12
Let u be -106*1/(-2) + 1. Suppose 0 = -2*x + 3*g + u, 5*x + g - 135 = 5*g. Suppose 4*y - 3*y - 9 = 0. Calculate the highest common divisor of y and x.
9
Suppose 30 = -5*x + 5*b + 5, 2*x + 2*b + 6 = 0. Let d(c) = 8*c**2 - c. Let q be d(x). Suppose -98 = -5*g - 38. What is the highest common divisor of q and g?
12
Let n(w) = w**2 - w - 3. Suppose -5*l - 2*h = h - 62, h = 5*l - 46. Let s = 7 - l. Let m be n(s). What is the greatest common factor of 9 and m?
9
Let f be (-2708)/(-36) - 2/9. What is the highest common factor of 30 and f?
15
Let g = 8 + -4. Suppose -m + 2*m + 5*p = 83, 0 = -2*m + g*p + 124. Calculate the greatest common divisor of 17 and m.
17
Let z(h) = -h**2 - 6*h - 4. Let u be z(-5). Let v be ((-74 - -2) + 1)*u. Let y be v/(-4) + (-2)/(-8). Calculate the highest common factor of 2 and y.
2
Suppose -x = -2*x. Suppose -5*y + 4*g + 215 = -306, 3*y - 3*g - 315 = x. Suppose 5*h + y - 301 = 0. What is the highest commo